
6
Let m(n) = -n**3 - 10*n**2 - 37. Give m(-11).
84
Let r(j) = 7*j**2 - 901*j - 3976. What is r(133)?
14
Let k(f) = -f**2 - 662*f - 93191. What is k(-203)?
-14
Let t(l) = 44*l**3 - 6*l**2 + 45*l + 61. Give t(5).
5636
Let l(u) = -1150*u**2 + 4630*u - 126. Determine l(4).
-6
Let h(c) = 6*c**2 - 197*c + 435. Determine h(31).
94
Let l(z) = 40*z**2 + 91*z + 167. Calculate l(-7).
1490
Let w(v) = 14*v**2 - 384908*v - 3850479. Calculate w(-10).
1
Let z(w) = 3421*w - 61021. Calculate z(18).
557
Let f(z) = 88*z**2 - 51*z - 53. Determine f(-1).
86
Let c(t) = -4*t**3 + 116*t**2 - 218*t + 2975. Calculate c(28).
7
Let s(g) = g**3 - 38*g**2 - 90*g - 117. Give s(41).
1236
Let x(r) = r**3 - 157*r**2 - 6495*r - 39. Calculate x(-34).
-5
Let d(l) = 5*l**2 - 11444*l + 226830. What is d(20)?
-50
Let r(j) = j**2 + 38103*j - 2251560. What is r(59)?
-2
Let s(o) = -36988*o - 184866. Calculate s(-5).
74
Let w(m) = 292786*m - 9661976. Calculate w(33).
-38
Let i(b) = -b**3 + 8*b**2 + b + 65. Determine i(17).
-2519
Let s(v) = -10451*v + 6. Give s(0).
6
Let f(j) = 14*j**2 - 92*j - 109. Determine f(-4).
483
Let d(x) = -1167*x - 18063. Calculate d(-12).
-4059
Let c(q) = -1547*q - 227419. Give c(-147).
-10
Let c(a) = -219*a**3 + 943*a**2 - 331*a + 4. Determine c(4).
-248
Let x(l) = 6143*l - 36864. Determine x(6).
-6
Let j(b) = -33*b**3 + 526*b**2 - 102*b + 2084. Determine j(16).
-60
Let d(c) = 19*c**2 + 438*c + 1723. What is d(-17)?
-232
Let d(c) = 570*c - 2502. Calculate d(5).
348
Let b(u) = -u**3 - 128*u**2 + 149*u + 1677. Determine b(-129).
-903
Let p(q) = 2871*q - 157907. What is p(55)?
-2
Let d(q) = 3779101*q - 18895503. Determine d(5).
2
Let m(w) = 8*w - 438. Give m(69).
114
Let t(r) = r**3 - 137*r**2 - 97385*r - 845. What is t(388)?
319
Let f(p) = -p**2 - 879*p + 682000. Calculate f(496).
0
Let f(s) = 7867*s + 660408. What is f(-84)?
-420
Let h(v) = -1479*v + 3122. Calculate h(2).
164
Let o(w) = -11*w**2 - 94*w + 12869. Give o(-39).
-196
Let m(p) = -5008*p - 60216. Give m(-12).
-120
Let s(p) = 44*p**2 - 28*p + 84. Determine s(3).
396
Let y(d) = -704*d**2 + 4201*d + 28. Calculate y(6).
-110
Let y(r) = -482*r - 22561. Determine y(-47).
93
Let i(k) = k**3 + 39*k**2 - 125*k - 6150. Give i(-38).
44
Let y(c) = -2*c**3 - 217*c**2 + 2124*c - 120. Determine y(9).
-39
Let i(o) = 3375*o - 6920. Give i(2).
-170
Let z(r) = -3130*r - 84518. Determine z(-27).
-8
Let m(h) = -h**3 + 546*h**2 + 510*h + 20259. Determine m(547).
20
Let k(f) = -2*f**3 + 355*f**2 - 919*f + 7685. What is k(175)?
-15
Let a(z) = -986*z**2 + 7695*z + 1580. Calculate a(8).
36
Let l(o) = -31*o**3 - 269*o**2 - 169*o - 1. What is l(-8)?
7
Let v(q) = q**3 + 159*q**2 + 426*q + 42746. Give v(-158).
402
Let u(j) = -j**3 + 23*j**2 + 1221*j + 524. Give u(-25).
-1
Let u(r) = -4*r**3 + 50*r**2 - 66*r - 86. Determine u(11).
-86
Let z(q) = -529*q - 5820. Give z(-11).
-1
Let y(w) = 102*w**3 + 16225*w**2 + 1112*w - 160. Give y(-159).
-1
Let b(f) = -31882*f + 319333. What is b(10)?
513
Let k(l) = 17998*l + 2105761. Calculate k(-117).
-5
Let f(g) = -193*g + 5591. Determine f(29).
-6
Let w(c) = c**3 + 160*c**2 + 2797*c - 40. Determine w(-140).
380
Let t(b) = 22*b - 1672. Give t(60).
-352
Let j(y) = 68755*y - 206240. Give j(3).
25
Let r(p) = p**3 + 25*p**2 - 94*p - 3701. What is r(-21)?
37
Let w(i) = 915*i + 27466. Determine w(-30).
16
Let l(y) = -1855*y - 220686. Give l(-119).
59
Let t(i) = -189*i**2 + 3237*i + 90. Calculate t(17).
498
Let u(s) = 17*s**3 + 112*s**2 - 121*s + 8. Determine u(1).
16
Let k(d) = -790*d - 4679. Calculate k(-6).
61
Let w(g) = -4416*g + 3210471. Calculate w(727).
39
Let w(u) = u**3 + 40*u**2 - 566*u + 1287. What is w(9)?
162
Let o(r) = -295*r**2 - 1296*r. What is o(-5)?
-895
Let l(f) = -757*f - 489009. Calculate l(-646).
13
Let y(j) = 86*j**2 + 3874*j - 16676. What is y(-49)?
-16
Let i(j) = 82*j**2 - 20584*j + 481. Calculate i(251).
-21
Let q(o) = 104440*o + 313371. Determine q(-3).
51
Let q(p) = -363*p - 7482. Give q(-21).
141
Let k(f) = 1214*f - 59173. Determine k(53).
5169
Let f(q) = -3*q**2 - 1346*q + 75607. Give f(-499).
258
Let y(w) = 13918*w + 1294369. Calculate y(-93).
-5
Let t(u) = u**3 - 60*u**2 - 1598*u - 22. Give t(80).
138
Let q(i) = -3*i**2 + 282*i - 3169. Calculate q(72).
1583
Let i(d) = 155671*d - 934152. Determine i(6).
-126
Let n(i) = i**2 + 978127*i - 42061319. Give n(43).
-9
Let k(w) = -w**3 - 197*w**2 + 11313*w - 37797. Give k(-244).
23
Let h(w) = -w**2 + 7546*w - 1232300. Determine h(167).
-7
Let h(b) = b**2 + 1149*b - 6878. What is h(6)?
52
Let k(v) = v**3 - 195*v**2 - 1002*v + 309. Give k(200).
-91
Let s(q) = -7*q**2 + 542*q - 4890. Give s(10).
-170
Let q(f) = -4*f**3 + 416*f**2 - 814*f - 281. Calculate q(102).
-77
Let f(r) = -1044421*r + 7310939. What is f(7)?
-8
Let b(c) = 225*c + 15269. Determine b(-71).
-706
Let i(b) = -15163*b - 23593623. Give i(-1556).
5
Let u(p) = 17*p**2 - 57*p + 329. Determine u(5).
469
Let w(h) = h**3 - 497*h**2 - 525*h + 13444. Determine w(498).
-2
Let q(g) = g**3 + 62*g**2 - 475*g - 55571. Calculate q(-46).
135
Let j(l) = 6874*l - 6822. Give j(1).
52
Let m(n) = -28*n**2 + 1075*n - 9546. Calculate m(14).
16
Let t(x) = 5896*x + 100206. Give t(-17).
-26
Let l(b) = -22*b**2 + 310*b + 230. Give l(15).
-70
Let p(o) = o**2 - 254715*o + 2037665. Calculate p(8).
9
Let d(m) = -19634*m + 255420. What is d(13)?
178
Let p(y) = -y**3 - 68*y**2 + 201*y + 45279. What is p(-58)?
-19
Let v(s) = -s**3 - 391*s**2 + 47337*s + 516. Give v(-488).
28
Let v(n) = -n**3 - 342*n**2 + 528*n - 54963. Give v(-344).
77
Let z(c) = -21245*c + 233708. Determine z(11).
13
Let f(d) = -12*d**2 - 82295*d - 575468. Give f(-7).
9
Let z(v) = 7*v**3 + 16*v**2 - 83*v - 1. Give z(-5).
-61
Let z(r) = 5*r**2 - 1515*r - 1700266. What is z(-451)?
4
Let u(k) = -k**3 - 324*k**2 + 12561*k - 1436. What is u(-359)?
0
Let q(l) = 99*l**2 + 845*l - 4113. What is q(-12)?
3
Let s(a) = 2*a**2 + 121*a - 34873. What is s(99)?
-3292
Let c(h) = -4*h**3 + 18*h**2 + 35800*h - 178955. Calculate c(5).
-5
Let k(i) = -5317*i + 111567. What is k(21)?
-90
Let s(l) = -5*l**3 + 2*l**2 + 23*l - 33. Give s(-9).
3567
Let c(d) = -d**3 - 3*d**2 - 12724*d + 63817. Calculate c(5).
-3
Let a(q) = 11*q**2 - 621*q - 834. Calculate a(59).
818
Let t(x) = -x**3 - 211*x**2 + 2174*x - 1741. Calculate t(9).
5
Let a(d) = -d**3 + 21*d**2 - 384*d + 4877. Calculate a(16).
13
Let f(z) = -2*z**3 - 307*z**2 - 3956*z + 82. Calculate f(-14).
782
Let k(u) = 3*u**3 + 18*u**2 - 724*u - 4349. What is k(-6)?
-5
Let j(c) = 4*c**3 - 145*c**2 - 590*c - 21. Calculate j(-4).
-237
Let p(k) = -k**3 - 50*k**2 + 256*k + 13. Determine p(5).
-82
Let w(z) = -z**2 - 5806*z - 34785. Calculate w(-6).
15
Let h(k) = 589*k + 66086. Calculate h(-110).
1296
Let d(m) = 388*m + 138578. Give d(-357).
62
Let k(p) = p**3 + 18*p**2 - 10*p - 679. What is k(-15)?
146
Let n(j) = 2792*j + 572360. Calculate n(-205).
0
Let n(s) = 214*s - 8692. Determine n(42).
296
Let m(g) = -g**2 + 36*g + 109. Give m(37).
72
Let h(z) = -z**3 - 34*z**2 + 58*z - 287. What is h(-36)?
217
Let h(u) = 43*u**2 - 25*u - 129. Calculate h(5).
821
Let h(z) = -z**3 + 17*z**2 + 469*z - 57. Calculate h(-15).
108
Let u(w) = 236973*w - 237211. Calculate u(1).
-238
Let v(y) = y**2 - 60*y + 1887. Calculate v(35).
1012
Let v(j) = -20535*j + 123173. Calculate v(6).
-37
Let s(n) = 4*n**2 - 6*n - 809. Give s(16).
119
Let m(c) = -c**3 - 198*c**2 - 189*c + 1584. Calculate m(-197).
8
Let x(k) = -5*k**3 - 471*k**2 - 2721*k + 616. Determine x(-88).
0
Let s(t) = 2365*t - 191666. Determine s(81).
-101
Let k(a) = 686*a + 17566. Give k(-26).
-270
Let g(v) = 12*v**2 + 298*v - 26. What is g(-22)?
-774
Let l(z) = 2421*z - 39577. Determine l(17).
1580
Let b(s) = s - 1609. What is b(13)?
-1596
Let v(p) = p**3 + 86*p**2 + 263*p + 932. What is v(-83)?
-230
Let i(b) = 27*b**2 - 230*b - 306. What is i(9)?
-189
Let m(n) = 230*n + 456. Calculate m(1).
686
Let j(z) = 3*z**3 + 9*z**2 - 282*z + 505. What is j(-12)?
1
Let q(r) = 7*r**3 + 330*r**2 + 344*r - 1100. What is q(-46)?
4
Let d(w) = w**3 - 111*w**2 - 130*w + 2069. Give d(112).
53
Let n(u) = 293*u - 10803. Give n(37).
38
Let t(o) = -2*o**2 - 1183*o + 141537. What is t(102)?
63
Let q(m) = -4*m**2 + 919*m - 3636. Calculate q(4).
-24
Let a(g) = 2*g**3 + 72*g**2 - 226*g + 44. Give a(-39).
-